st derivative of y**3/3 + 2*y**2 - 3*y - 406. Give w(c).
-3
Let a(s) = 13*s**2 + s. Let r be 9/2*(-10 - -12). Let o = r + -7. Let x be o/4 - 45/30. Give a(x).
12
Suppose -z + 3*k = 8, 4*z = 5*z + 4*k - 20. Let a = -1166 + 1170. Let y(s) = 2 + a*s - z*s + s. Give y(-5).
-3
Let d(t) = 5 + 3*t - 3 + 6 - 5. Calculate d(-3).
-6
Let u(j) = -2*j**2 - 1. Let v(k) = -k**2 + 12*k - 12. Let h be v(11). Let t be h/5 - (-384)/(-30). Let g = 11 + t. Determine u(g).
-9
Let a = 2642 + -2653. Let k(u) = -u**3 - 13*u**2 - 25*u - 8. Calculate k(a).
25
Let n(j) = 8*j - 13. Let h(w) = -5*w + 7. Let u(k) = 5*h(k) + 3*n(k). Determine u(0).
-4
Suppose -4 = -2*x + 4. Let t(q) = x*q - 2*q - 5*q. Let y be 60/27 + 2/(-9). Give t(y).
-6
Let h(f) = -4*f**2 + 5*f**2 - 125*f + 130*f - 2*f**2 - 1. Calculate h(5).
-1
Let i(u) be the first derivative of 8*u + 14 + 1/2*u**2. Determine i(7).
15
Let p(a) be the first derivative of -a**4/4 + 5*a**3/3 + 7*a**2/2 + a - 2. Suppose -3*w + 18 = -5*o, -3*o = 5*w - 2*o - 30. Calculate p(w).
7
Let h(n) be the second derivative of 0 + n + 3*n**2 - n**3 - 7/12*n**4 - 1/20*n**5. Give h(-6).
6
Let y(f) = f + 15. Let h be y(-7). Let g(p) = p**2 - 8*p + 5. Give g(h).
5
Let y(w) = 7*w**3 - 1. Let u be y(1). Let q = u + -3. Let f(t) = t**3 + 1 - q*t - 5*t**3 + t + 3*t**3 + 3*t**2. What is f(3)?
-5
Let l(f) = -3*f**3 + 9*f**2 - 15. Let r(q) = q**3 - 4*q**2 + 7. Let s(h) = -6*l(h) - 13*r(h). Give s(2).
31
Let a(r) be the second derivative of r**6/720 + r**5/24 - 2*r**4/3 - 25*r. Let k(t) be the third derivative of a(t). Give k(-7).
-2
Let r(y) = y**3 - 4*y**2 - 9*y - 15. Let t be r(6). Let x(p) = 5*p + 3*p - 5*p - 5 + 4*p**2 - t*p**2. Determine x(-6).
13
Let m(t) be the second derivative of 0 + 3*t - t**2 + 1/6*t**3 - 1/12*t**4. Calculate m(-2).
-8
Let r(a) be the second derivative of 0 + 27*a + 1/12*a**4 + a**3 - 3*a**2. What is r(-7)?
1
Let o(i) be the third derivative of i**6/120 + i**5/12 + i**4/12 - 5*i**3/6 - 2*i**2. Let w be 53 + -57 + (-1 - -1). Give o(w).
3
Let j(h) = -h**3 + 11*h**2 + 14*h - 22. Suppose -167 = 4*d - 215. Give j(d).
2
Let d(z) = -5*z**2 + 2*z + 1. Let p = 96 + -93. Let v(s) = 4*s**2 - 2*s. Let i(u) = p*d(u) + 4*v(u). Determine i(2).
3
Let a(m) = 2*m + 18. Suppose -3*g - 19 = -5*x, 10*g + 25 = 7*g - x. What is a(g)?
2
Let b(d) = 37*d**2 + 37*d**2 - 1 + 0 - 71*d**2. Determine b(3).
26
Suppose b = -2*b - 5*a - 120, -2*a = -6. Let h = b + 44. Let r(f) = -9*f - 1. What is r(h)?
8
Let z(i) = -3*i**3 + 2*i + 3. Let n(s) = 15*s + 389. Let o be n(-26). Calculate z(o).
4
Let i(l) = -l**3 - 3*l**2 - l + 6. Let f(s) = -5*s**3 + 4*s**3 - s**2 + s - s. Let k(b) = -2*f(b) + i(b). Determine k(0).
6
Let n(d) = -d**2 - 6*d + 6. Let y be (2 - -1)*(-9)/3. Determine n(y).
-21
Let v(k) be the second derivative of 2*k**4/3 - 7*k**3/3 - 13*k**2/2 + 6*k. Let g(j) = 7*j**2 - 13*j - 13. Let h(i) = 7*g(i) - 6*v(i). Give h(9).
5
Let i(w) be the third derivative of -w**4/6 + w**3 - 3*w**2 + 22*w. Suppose -5*l + 2 = -18. Determine i(l).
-10
Let t(c) = -c**3 - 6*c**2 - c - 7. Let w = -56 - -84. Let m = w - 34. What is t(m)?
-1
Let y(d) = d**3 - 5*d**2 - d + 4. Let t be 10 + -5 - (-1)/1. Let k = -2 + 1. Let r = k + t. Give y(r).
-1
Let f = 131 + -129. Let u(i) = -i**3 + 2. Calculate u(f).
-6
Let u(t) = t**2 + 1. Let s(j) = j**3 - 18*j**2 - 18*j - 17. Let b be s(19). Give u(b).
5
Suppose -z + 4*z = -5*q - 2, 0 = 5*z - 3*q + 26. Let l = z - -8. Let y(x) be the second derivative of x**4/12 - x**3/6 - 3*x**2/2 + 11*x. Give y(l).
9
Let d(j) = -j**2 - 15*j - 3. Let q = 2216 - 2231. Give d(q).
-3
Suppose 56 = 8*y + 8. Let l(h) = -h + 4. Determine l(y).
-2
Let x(t) = -14*t - 2. Let h be x(-3). Let n = 47 - h. Let f(l) = -l**3 + 6*l**2 + 9*l - 4. What is f(n)?
10
Let z(a) = 2*a + 4. Suppose 0 = 4*m - 4 - 8. Let w(d) = -5*d + d - 4 - 6*d**2 + d**m + 0*d - 2*d. Let o be w(7). Calculate z(o).
10
Let m be 4*-2*3/(-24). Let u(a) = 154*a**2 + 2*a - 2 - 156*a**2 + m. What is u(2)?
-5
Let f(w) = 5*w**2 - 7*w - 8. Let z(a) = 11*a**2 - 15*a - 17. Let x(h) = -9*f(h) + 4*z(h). Let g be (-156)/(-8) - (-4)/(-8). Let u = 24 - g. Give x(u).
-6
Let d(z) = -2*z**2 + 10*z - 15. Let h(n) = n**2 - 5*n + 6. Let a(g) = -3*d(g) - 7*h(g). Suppose 5*p - 8 - 22 = 0. Calculate a(p).
-3
Suppose 2*i - 2 = -2*n - 0*n, 3*n = 2*i + 23. Let v(u) = n*u - 2*u**2 - u - u**3 - 3*u. Let z(o) = o. Let t be z(-3). Give v(t).
6
Let h(o) = -9 + 4*o + 12 + 4 + 0*o. What is h(-2)?
-1
Let z(i) = -i**3 + 6*i**2 - 2*i - 3. Let m be (4/(-5))/(4/(-10)). Suppose -t + 1 = -m. Calculate z(t).
18
Let n(z) = 2*z. Let u be 1/(1/(-2)) + 6. Calculate n(u).
8
Let g(x) = -x - 1. Suppose 16 = -5*n - f - 14, 5*n - 2*f = -15. Let k be 15/(-75) - (-14)/n. Give g(k).
2
Let c(l) = -2*l**2 - 12*l + 2*l - 4*l**2 + 2*l**2 + 11*l. Determine c(2).
-14
Suppose -2*b = 3*b + 20. Let q be (-10)/b + 3/(-6). Let l(t) = -4*t**q + 4*t - 7 + t**2 - t**3 - t**2 - t**2. Determine l(-6).
5
Let u(i) = -i**3 + 43*i**2 + 3 - i + 4*i - 40*i**2. Let r(d) = -d**3 - 2*d**2 - 3*d - 3. Let a be r(-2). What is u(a)?
12
Let j be (-4)/14 - 32/(-14). Suppose -5*z = 8*z - 26. Let a(k) = 2*k - 2*k - 7834*k**z + 7835*k**2. Determine a(j).
4
Suppose -5 = 2*b - q - 20, 30 = 2*b - 4*q. Suppose -o + 5*o - 12 = 0. Let f(d) = -6 - 6*d**2 + o*d**3 + 5*d + 7 - 2*d**3. What is f(b)?
1
Let l(z) = -16 + 2 + z**2 + 13 + 8*z + 6. Determine l(-3).
-10
Let x(c) = -29*c**3 + 3*c**2 - 32*c + 82. Let g(a) = 7*a**3 - a**2 + 8*a - 20. Let o(z) = 25*g(z) + 6*x(z). Give o(6).
4
Let t be 6*(-5 - (-91)/14). Let m(j) = -j**2 + 9*j. Give m(t).
0
Let f(t) = t**3 - 5*t**2 + 4*t - 8. Let o be -10*(4 - 54/12). Determine f(o).
12
Let s(i) = -i - 3. Let f be s(-3). Let y(h) be the first derivative of 1 - 1/2*h**2 + 10*h. Determine y(f).
10
Let l(n) = 6*n - 2. Let g(v) = 37*v - 11. Let m(a) = g(a) - 6*l(a). Let z = 6 + -9. Determine m(z).
-2
Let o be 33/(-22)*(6 - -2). Let u(h) = -h**3 - 13*h**2 - 11*h + 3. Calculate u(o).
-9
Let j(z) be the third derivative of -5*z**4/6 + z**3/6 - 90*z**2. Calculate j(2).
-39
Let q(d) be the third derivative of -2/3*d**3 - 1/6*d**4 + 1/60*d**5 + 0*d + 0 + 16*d**2. Let r = -8 - -13. Give q(r).
1
Let s(v) = -5*v - 3. Suppose 0 = -12*p - 28 - 44. Suppose 2 + 1 = -3*d - 3*q, 0 = -4*d - 3*q. Let u = d + p. Determine s(u).
12
Let r be -7 - (0 - (-2 - -3)). Let j(u) = 7*u**3 + 7*u**2 + 5*u - 3. Let f(l) = -3*l**3 - 4*l**2 - 2*l + 1. Let q(o) = -5*f(o) - 2*j(o). Determine q(r).
1
Let w(y) = y**2 - 9*y + 11. Let v be w(8). Suppose -m = -v*k, 4*m + 5*k + 12 + 5 = 0. Let q = m - -3. Let o(p) = p + 8. Give o(q).
8
Let y(r) = -2*r. Suppose -5*v = -m - 23, -3*v + 5*m = -0*m - 5. Suppose -4*h = -5*b - 28, -2*h + 3*h - 22 = v*b. What is y(h)?
-4
Let y(t) = -t**3 - 5*t**2 + 2*t + 6. Let k(v) = v - 7. Let l be k(9). Suppose -5*w - 25 = 0, l*w + 18 + 2 = -5*z. Let m be (1 + 3)*z + 3. Give y(m).
-4
Let t(s) be the second derivative of -s**3/6 - 5*s. Let w be t(-6). Let x(o) be the first derivative of o**3/3 - 7*o**2/2 + 9*o + 6. What is x(w)?
3
Let g(o) be the second derivative of o**3/6 - 5*o**2/2 - o. Let m(n) = -n**2 + 4*n + 18. Let s be m(6). Suppose 0 = s*f - f - 30. Determine g(f).
1
Let a = 21 - 16. Suppose -3*i + i + 1 = -a*y, 5*i = 4*y + 11. Let o(q) = 8*q - 4. Let x(r) = 15*r - 7. Let m(v) = i*x(v) - 5*o(v). What is m(3)?
14
Let a(q) = 2*q - 1 - 4*q - 6*q. Let x(c) = c**3 + 3*c**2 - 11*c - 1. Let h be x(-5). Suppose -h*r + 3 = v + 1, -2 = 4*r + 3*v. What is a(r)?
-9
Let x(t) be the first derivative of -t**3 + t**2 - 71. Give x(-2).
-16
Let u(s) = -s. Suppose 4*z = 5*t + 56, 0*t = 2*t + 8. Let o(d) = d**3 - 7*d**2 - 17*d - 8. Let r be o(z). Calculate u(r).
-1
Let y(z) = z**3 - 8*z**2 - 2*z + 12. Suppose 103 = -4*q + 8*q + n, -3*n = q - 23. Let m = 34 - q. Give y(m).
-4
Suppose 4*m - 43 = -3*x, 0 = -2*m - x + 3*x + 32. Let p(t) = 9 + 0*t**2 - t**2 + 7 - 5*t - m. What is p(-5)?
3
Let z(g) be the first derivative of -5*g**4/12 - g**3/3 + g**2/2 - 2*g - 18. Let a(d) be the first derivative of z(d). What is a(1)?
-6
Let n(t) = t**3 - 19*t**2 - 20*t + 28. Let g be n(20). Let b be (-12)/(-9) + g/(-12). Let i(a) = a**2 + 3*a + 1. Determine i(b).
-1
Suppose 5*f + 4 + 21 = 0, -3*g - 5*f = 7. Let h(l) = l - 13. Calculate h(g).
-7
Let n(r) = -r**3 - 14*r**2 + 10 + 10 + r**2 + 4